*b. Determine d(-7).
-42
Let a(g) = 2*g**2 - 58*g - 46. Calculate a(28).
-102
Let x(n) = -n**3 + 17*n**2 + 17*n + 42. Give x(18).
24
Let q(w) = w**2 - 5*w + 4. Give q(1).
0
Let g(w) = -2*w**2 + 7*w - 2. Give g(5).
-17
Let v(g) = -31*g + 39. Give v(1).
8
Let q(m) = -4*m. Give q(-4).
16
Let g(b) = -3*b + 190. Determine g(65).
-5
Let g(z) = 5*z**2 + 5*z - 5. Calculate g(2).
25
Let n(q) = -q**2 + 15*q + 17. Give n(16).
1
Let n(z) = z**3 - 5*z**2 - 33*z + 67. Determine n(8).
-5
Let d(j) = -23*j + 1. Calculate d(1).
-22
Let u(a) = 11*a + 46. Calculate u(-7).
-31
Let n(g) = -g**3 - 6*g**2 - 3*g + 3. Give n(-6).
21
Let j(u) = 2*u**2 - 14*u - 16. What is j(12)?
104
Let j(d) = 11*d - 101. Calculate j(10).
9
Let p(d) = d**2 + 11*d - 11. Give p(-11).
-11
Let w(u) = u**3 - 14*u**2 - 16*u + 5. Give w(15).
-10
Let g(b) = 5*b - 32. Determine g(13).
33
Let r(i) = i**3 + 11*i**2 + 9*i + 10. Calculate r(-10).
20
Let m(l) = -12*l**3 + 2*l**2 + 4*l + 3. Determine m(-1).
13
Let k(z) = z**2 - 4*z + 6. Determine k(5).
11
Let g(c) = -60*c - 4. Give g(0).
-4
Let p(m) = -2*m - 45. Give p(-20).
-5
Let h(t) = t**3 + 11*t**2 + 13*t - 11. Give h(-9).
34
Let r(p) = -p**2 + 5*p + 16. Determine r(7).
2
Let a(w) = w + 3. Calculate a(-9).
-6
Let m(i) = -i**3 - 4*i**2 + i. Determine m(-3).
-12
Let u(n) = -n**2 - 8*n - 35. Determine u(-7).
-28
Let u(h) = 3*h + 2. Calculate u(-3).
-7
Let c(b) = -b**3 - 6*b**2 + 10*b + 24. Give c(-7).
3
Let v(b) = b**3 + b**2 - 10*b - 6. Determine v(3).
0
Let w(h) = -2*h + 24. Calculate w(10).
4
Let n(d) = -d**3 - 7*d**2 - 4*d + 6. Calculate n(-6).
-6
Let i(f) = -9*f - 10. Calculate i(-3).
17
Let s(b) = -b**2 - 11*b - 8. What is s(-11)?
-8
Let t(f) = -4*f**2 - 13*f - 1. Give t(-7).
-106
Let y(w) = w**3 + 7*w**2 + 9*w - 13. Determine y(-3).
-4
Let t(k) = -k**3 - 28*k**2 - 94*k + 33. Determine t(-24).
-15
Let d(q) = 10*q - 2. Determine d(-3).
-32
Let y(h) = h**3 + 7*h**2. Calculate y(-7).
0
Let c(n) = -11*n**3 + n**2 + 2*n + 1. What is c(-1)?
11
Let p(f) = f**3 + 19*f**2 + 77*f - 13. Give p(-6).
-7
Let m(q) = 13*q - 207. What is m(16)?
1
Let u(t) = 2*t - 10. Determine u(-5).
-20
Let b(o) = -o**3 + 6*o**2 - 3*o - 2. Give b(5).
8
Let f(a) = 3*a**2 - 9*a - 66. Determine f(7).
18
Let g(n) = -n**3 + 8*n**2 - 3*n - 13. Calculate g(4).
39
Let w(t) = -4*t - 51. Determine w(-12).
-3
Let w(l) = -l**2 + 16*l + 8. Give w(14).
36
Let f(j) = j**3 + 4*j**2 - 11*j - 11. Calculate f(-6).
-17
Let z(y) = -y**3 - 7*y**2 - 12*y - 12. What is z(-5)?
-2
Let r(z) = 5*z - 150. Calculate r(29).
-5
Let j(s) = s - 19. Determine j(22).
3
Let i(l) = -l**3 + 13*l**2 - 23*l - 10. What is i(11)?
-21
Let d(r) = 8*r - 12. Determine d(6).
36
Let w(h) = -27*h**2 - 2*h - 4. Calculate w(-1).
-29
Let a(j) = 40*j - 151. Determine a(4).
9
Let f(u) = 25*u - 1. Give f(1).
24
Let f(q) = -q**3 + 43*q**2 - 85*q + 120. Determine f(41).
-3
Let a(o) = o**3 + 18*o**2 - o - 13. Determine a(-18).
5
Let s(g) = -2*g - 3. Determine s(1).
-5
Let x(d) = d + 38. Calculate x(-23).
15
Let z(t) = -11*t - 129. What is z(-12)?
3
Let v(h) = -h**3 + 4*h**2 + 20*h + 17. Calculate v(7).
10
Let n(k) = -k**3 + 16*k**2 + 4. Give n(16).
4
Let u(r) = 4*r - 11. Calculate u(-4).
-27
Let t(i) = -i**2 - 5*i + 17. Give t(-7).
3
Let v(l) = l**2 - 22*l + 8. What is v(21)?
-13
Let d(l) = -31*l + 620. Give d(20).
0
Let k(m) = -9*m + 7. What is k(7)?
-56
Let i(g) = 5*g - 1. What is i(-2)?
-11
Let p(i) = i**2 - 4*i - 5. Determine p(4).
-5
Let p(w) = 11*w - 6. Determine p(-1).
-17
Let p(w) = w**3 + 8*w**2 - 7*w + 17. Calculate p(-10).
-113
Let z(i) = -i**2 + 11*i - 8. Give z(6).
22
Let f(s) = -5*s - 79. Calculate f(-16).
1
Let h(a) = -2*a**3 - 11*a**2 + 8*a + 2. Determine h(-6).
-10
Let s(i) = -i**2 + 4*i - 8. What is s(4)?
-8
Let m(r) = -5*r + 7. Give m(1).
2
Let n(s) = -s + 14. Give n(11).
3
Let b(i) = -6*i**3 - i**2 - 2*i - 1. What is b(-2)?
47
Let r(m) = 3*m**2 + 5*m + 8. Determine r(-6).
86
Let x(w) = -w**2 - w + 3. Calculate x(0).
3
Let i(r) = 2*r**2 - 9*r - 18. Determine i(8).
38
Let w(b) = -2*b**2 + 2*b - 1. Determine w(-2).
-13
Let l(p) = -2*p**3 + p**2 + 4*p - 2. What is l(2)?
-6
Let y(b) = b**3 + 8*b**2 + 2*b + 4. Give y(-8).
-12
Let b(h) = -4*h - 86. Determine b(-6).
-62
Let w(i) = -i**2 + 22*i - 29. Give w(20).
11
Let l(y) = -y**2 - 24*y - 104. What is l(-10)?
36
Let f(k) = -12*k**2 + 53*k + 42. Determine f(5).
7
Let g(n) = -n**3 + 12*n**2 - 17*n + 59. Calculate g(11).
-7
Let f(a) = 2*a + 11. What is f(-7)?
-3
Let v(w) = -w - 23. Calculate v(-10).
-13
Let u(i) = i**3 + 4*i**2 + 2*i + 2. Give u(-4).
-6
Let a(q) = -12*q + 1. Give a(1).
-11
Let b(s) = 3*s - 15. What is b(5)?
0
Let a(q) = 4*q**2 - 57*q + 61. What is a(13)?
-4
Let l(a) = a**3 + 2*a**2 + 8. Give l(0).
8
Let m(b) = -2*b**3 + 2*b**2 - b - 2. Give m(-1).
3
Let x(h) = 5*h - 41. Calculate x(10).
9
Let w(p) = 3*p**2 - 95*p - 38. Calculate w(32).
-6
Let o(u) = -u**3 - 19*u**2 + 21*u + 21. Determine o(-20).
1
Let s(z) = z**3 + 3*z**2 + 1. Give s(-3).
1
Let v(d) = d**2 - 21*d + 47. Calculate v(11).
-63
Let z(x) = x**2 - 3*x + 6. What is z(5)?
16
Let t(d) = -5*d - 84. Determine t(-17).
1
Let t(u) = -u**3 - 12*u**2 - 13*u - 10. Calculate t(-11).
12
Let a(x) = -2*x - 4. What is a(4)?
-12
Let z(f) = 5*f**2 + 6*f + 5. Determine z(-3).
32
Let n(b) = 4*b**2 - 7*b - 18. What is n(-2)?
12
Let m(i) = i**3 - 10*i**2 - 67*i - 48. Determine m(-4).
-4
Let z(c) = c**2 + c - 59. Calculate z(0).
-59
Let q(p) = 2*p**3 + 12*p**2 + p + 6. What is q(-6)?
0
Let x(j) = -2*j**2 + 22*j + 1. Calculate x(12).
-23
Let r(l) = -l**2 - 15*l - 1. What is r(-12)?
35
Let a(j) = -j - 3. Determine a(1).
-4
Let d(j) = -j**3 - 3*j**2 + 12*j + 30. Calculate d(-4).
-2
Let t(u) = -4*u**3 - 2*u + 3. Give t(2).
-33
Let y(v) = v**3 + 7*v**2 + 5*v - 7. Calculate y(-5).
18
Let u(o) = -o**3 - 4*o**2 + 7. Calculate u(-4).
7
Let k(w) = w**3 - 8*w**2 + 5*w + 7. Give k(7).
-7
Let o(m) = 18*m - 42. Determine o(2).
-6
Let x(b) = 3*b**2 + 8*b - 5. Calculate x(-3).
-2
Let t(i) = 11*i - 2. What is t(2)?
20
Let v(o) = -12*o - 9. What is v(1)?
-21
Let x(o) = -o**3 - 3*o**2 - o + 4. Determine x(-3).
7
Let j(a) = -a**3 - 15*a**2 - 14*a - 3. What is j(-14)?
-3
Let l(m) = -2*m**2 + 3*m + 11. What is l(5)?
-24
Let u(k) = k**3 - k**2 + 2*k + 1. What is u(2)?
9
Let g(j) = 69*j + 282. Give g(-4).
6
Let c(l) = l - 1. Give c(-10).
-11
Let l(k) = k**3 + 5*k**2 - 7*k + 2. What is l(-6)?
8
Let v(j) = -2*j. Determine v(-1).
2
Let r(f) = -2*f. Calculate r(1).
-2
Let q(u) = 10*u + 9. Calculate q(-9).
-81
Let s(i) = i**2 - 2*i + 1. Give s(2).
1
Let p(q) = -2*q**2 + 17*q - 69. What is p(5)?
-34
Let i(p) = 7*p**2 - 43*p + 6. What is i(4)?
-54
Let s(c) = -9*c**3 - 2*c - 3. Calculate s(-2).
73
Let b(v) = v**3 - 9*v**2 + 5*v + 6. Calculate b(8).
-18
Let w(l) = l**2 - 2*l - 2. What is w(-3)?
13
Let z(k) = -k + 17. Give z(17).
0
Let h(c) = -c - 8. Determine h(-26).
18
Let d(f) = f**2 + 17*f + 19. What is d(-15)?
-11
Let q(x) = 8*x - 5. Determine q(-6).
-53
Let v(d) = -d**2 - d - 33. Give v(0).
-33
Let d(f) = f**2 - 4*f + 3. Calculate d(2).
-1
Let t(u) = -u**3 + 14*u**2 - 2*u - 2. What is t(13)?
141
Let j(d) = d**3 - 16*d**2 - 8*d + 122. Calculate j(16).
-6
Let j(x) = x**2 - 7*x - 2. Give j(8).
6
Let f(r) = -r - 22. What is f(-10)?
-12
Let w(g) = -3*g**2 + 29*g - 11. Calculate w(10).
-21
Let b(f) = -f**2 + 4*f - 16. Give b(4).
-16
Let t(b) = b**3 + 7*b**2 + 12*b + 5. Give t(-5).
-5
Let m(n) = n**3 - 4*n**2 - 10*n + 1. What is m(-2)?
-3
Let s(z) = -z + 9. Give s(10).
-1
Let m(h) = -h**2 + 8*h - 9. Determine m(5).
6
Let b(z) = -5*z + 18. Give b(8).
-22
Let k(r) = r - 17. What is k(9)?
-8
Let c(j) = -j**3 + 12*j**2 - 20*j + 5. Give c(10).
5
Let l(z) = -41*z + 38. Give l(1).
-3
Let o(f) = -22*f**3 - 4*f**2 + 6*f - 1. Determine o(2).
-181
Let t(g) = -35*g**3. Give t(1).
-35
Let n(w) = -w**2 - 7*w + 10. What is n(-12)?
-50
Let k(d) = d**2 - 12*d - 1. What is k(11)?
-12
Let m(d) = -d**2 - 12*d - 21. Calculate m(-13).
-34
Let j(r) = 6*r - 6. Determine j(-5).
-36
Let g(y) = 6*y - 190. Give g(30).
-10
Let a(j) = 7*j + 152. Calculate a(-28).
-44
Let x(w) = -w**2 + 9*w - 7. Determine x(10).
-17
Let d(g) = -g**2 - 8*g - 6. Determine d(5).
-71
Let p(h) = 5*h**3 - 4*h**2 + 7*h - 9. Determine p(2).
29
Let y(r) = 3*r**2 - 19*r + 16. Determine y(7).
30
Let h(x) = 